{"id":1129,"date":"2023-02-08T04:14:57","date_gmt":"2023-02-08T04:14:57","guid":{"rendered":"https:\/\/tex-fin.com\/?page_id=1129"},"modified":"2023-10-06T19:29:26","modified_gmt":"2023-10-06T19:29:26","slug":"finned-products","status":"publish","type":"page","link":"https:\/\/tex-fin.com\/esp\/finned-products\/","title":{"rendered":"Productos Con Aletas"},"content":{"rendered":"<div class=\"vc_row wpb_row vc_row-fluid\"><div class=\"wpb_column vc_column_container vc_col-sm-12\"><div class=\"vc_column-inner\"><div class=\"wpb_wrapper\"><h2 style=\"text-align: left\" class=\"vc_custom_heading\" >Productos Con Aletas<\/h2>\n\t<div class=\"wpb_text_column wpb_content_element\" >\n\t\t<div class=\"wpb_wrapper\">\n\t\t\t<ul>\n<li><a href=\"https:\/\/tex-fin.com\/esp\/\">Los tubos y tuber\u00edas aletadas O.E.M. de Tex-Fin<\/a> son manufacturados para cumplir con las especificaciones para sus procesos se mantengan  operando continuamente sin interrupciones.<\/li>\n<li>Nuestra Calidad asegura largos periodos de vida \u00fatil y bajo mantenimiento para los equipos.<\/li>\n<li>La flexibilidad en nuestra producci\u00f3n reduce los tiempos de parada de los equipos del cliente, si el componente requerido es debida a una emergencia o reparaci\u00f3n, parada programada, o arranque programado.<\/li>\n<\/ul>\n\n\t\t<\/div>\n\t<\/div>\n<div class=\"vc_empty_space\"   style=\"height: 22px\"><span class=\"vc_empty_space_inner\"><\/span><\/div><div class=\"vc_separator wpb_content_element vc_separator_align_center vc_sep_width_100 vc_sep_pos_align_center vc_separator_no_text vc_sep_color_grey\" ><span class=\"vc_sep_holder vc_sep_holder_l\"><span  class=\"vc_sep_line\"><\/span><\/span><span class=\"vc_sep_holder vc_sep_holder_r\"><span  class=\"vc_sep_line\"><\/span><\/span>\n<\/div><div class=\"vc_empty_space\"   style=\"height: 32px\"><span class=\"vc_empty_space_inner\"><\/span><\/div><\/div><\/div><\/div><\/div><div class=\"vc_row wpb_row vc_row-fluid\"><div class=\"wpb_column vc_column_container vc_col-sm-12\"><div class=\"vc_column-inner\"><div class=\"wpb_wrapper\">\n\t<div  class=\"wpb_single_image wpb_content_element vc_align_left\">\n\t\t\n\t\t<figure class=\"wpb_wrapper vc_figure\">\n\t\t\t<div class=\"vc_single_image-wrapper   vc_box_border_grey\"><img decoding=\"async\" class=\"vc_single_image-img lazyload\" data-src=\"https:\/\/tex-fin.com\/wp-content\/uploads\/2023\/08\/Tex-Fin-7-800x250.jpg\" width=\"800\" height=\"250\" alt=\"Tex Fin 7\" title=\"Tex Fin 7\" src=\"data:image\/svg+xml;base64,PHN2ZyB3aWR0aD0iMSIgaGVpZ2h0PSIxIiB4bWxucz0iaHR0cDovL3d3dy53My5vcmcvMjAwMC9zdmciPjwvc3ZnPg==\" style=\"--smush-placeholder-width: 800px; --smush-placeholder-aspect-ratio: 800\/250;\" \/><\/div>\n\t\t<\/figure>\n\t<\/div>\n\n\t<div class=\"wpb_text_column wpb_content_element\" >\n\t\t<div class=\"wpb_wrapper\">\n\t\t\t<h3><a href=\"https:\/\/tex-fin.com\/esp\/finned-products\/air-cooled-finned-tubes\/\">Tubos Para Enfriadores<\/a><\/h3>\n\n\t\t<\/div>\n\t<\/div>\n<div class=\"vc_empty_space\"   style=\"height: 15px\"><span class=\"vc_empty_space_inner\"><\/span><\/div><div class=\"vc_separator wpb_content_element vc_separator_align_center vc_sep_width_100 vc_sep_pos_align_center vc_separator_no_text vc_sep_color_grey\" ><span class=\"vc_sep_holder vc_sep_holder_l\"><span  class=\"vc_sep_line\"><\/span><\/span><span class=\"vc_sep_holder vc_sep_holder_r\"><span  class=\"vc_sep_line\"><\/span><\/span>\n<\/div><div class=\"vc_empty_space\"   style=\"height: 10px\"><span class=\"vc_empty_space_inner\"><\/span><\/div><div class=\"vc_tta-container\" data-vc-action=\"collapse\"><div class=\"vc_general vc_tta vc_tta-accordion vc_tta-color-grey vc_tta-style-classic vc_tta-shape-rounded vc_tta-o-shape-group vc_tta-controls-align-left\"><div class=\"vc_tta-panels-container\"><div class=\"vc_tta-panels\"><div class=\"vc_tta-panel vc_active\" id=\"1690335467189-f42cf805-7f72\" data-vc-content=\".vc_tta-panel-body\"><div class=\"vc_tta-panel-heading\"><h4 class=\"vc_tta-panel-title vc_tta-controls-icon-position-left\"><a href=\"#1690335467189-f42cf805-7f72\" data-vc-accordion data-vc-container=\".vc_tta-container\"><span class=\"vc_tta-title-text\">Tubos Aletados con Pie en L<\/span><i class=\"vc_tta-controls-icon vc_tta-controls-icon-plus\"><\/i><\/a><\/h4><\/div><div class=\"vc_tta-panel-body\"><ul class=\"iconlist iconlist iconlist-icon-medium\"><li ><div class=\"iconlist-item-icon\"><i class=\"far fa-arrow-alt-circle-right\"><\/i><\/div><div class=\"iconlist-item-content\"><a href=\"https:\/\/tex-fin.com\/esp\/finned-products\/air-cooled-finned-tubes\/l-foot-finned-tubes\/double-l-foot-tension-wound-finned-tubes\/\">Tubos Aletados Con Doble Pie En L Enrollado Con Tensi\u00f3n.<\/a><\/div><\/li><li ><div class=\"iconlist-item-icon\"><i class=\"far fa-arrow-alt-circle-right\"><\/i><\/div><div class=\"iconlist-item-content\"><a href=\"https:\/\/tex-fin.com\/esp\/finned-products\/air-cooled-finned-tubes\/l-foot-finned-tubes\/perforated-finned-tubes\/\">Pie en L Con Aleta Perforada<\/a><\/div><\/li><li ><div class=\"iconlist-item-icon\"><i class=\"far fa-arrow-alt-circle-right\"><\/i><\/div><div class=\"iconlist-item-content\"><a href=\"https:\/\/tex-fin.com\/esp\/finned-products\/air-cooled-finned-tubes\/l-foot-finned-tubes\/knurled-l-foot-tension-wound-finned-tubes\/\">Tubos Aletados con Pie en L (Estriado y Enrollado con Tensi\u00f3n)<\/a><\/div><\/li><\/ul><\/div><\/div><div class=\"vc_tta-panel\" id=\"1690335467227-1b47bf04-6d91\" data-vc-content=\".vc_tta-panel-body\"><div class=\"vc_tta-panel-heading\"><h4 class=\"vc_tta-panel-title vc_tta-controls-icon-position-left\"><a href=\"#1690335467227-1b47bf04-6d91\" data-vc-accordion data-vc-container=\".vc_tta-container\"><span class=\"vc_tta-title-text\">Tubos Aletados Incrustados<\/span><i class=\"vc_tta-controls-icon vc_tta-controls-icon-plus\"><\/i><\/a><\/h4><\/div><div class=\"vc_tta-panel-body\">\n\t<div class=\"wpb_text_column wpb_content_element\" >\n\t\t<div class=\"wpb_wrapper\">\n\t\t\t<ul>\n<li>The fins are <a href=\"https:\/\/tex-fin.com\/esp\/finned-products\/air-cooled-finned-tubes\/embedded-finned-tubes\/\">embedded<\/a> into grooves in the tube, locking them in place.<\/li>\n<li>Esta uni\u00f3n segura proporciona una excelente resistencia a la vibraci\u00f3n y un alto rendimiento en equipos con ciclos t\u00e9rmicos continuos y altas temperaturas del metal.<\/li>\n<\/ul>\n\n\t\t<\/div>\n\t<\/div>\n<\/div><\/div><div class=\"vc_tta-panel\" id=\"1690335649436-2d24a95e-0253\" data-vc-content=\".vc_tta-panel-body\"><div class=\"vc_tta-panel-heading\"><h4 class=\"vc_tta-panel-title vc_tta-controls-icon-position-left\"><a href=\"#1690335649436-2d24a95e-0253\" data-vc-accordion data-vc-container=\".vc_tta-container\"><span class=\"vc_tta-title-text\">Tubos Aletados Extruidos<\/span><i class=\"vc_tta-controls-icon vc_tta-controls-icon-plus\"><\/i><\/a><\/h4><\/div><div class=\"vc_tta-panel-body\">\n\t<div class=\"wpb_text_column wpb_content_element\" >\n\t\t<div class=\"wpb_wrapper\">\n\t\t\t<ul>\n<li>Las aletas se extruyen a partir de un tubo de aluminio unido al tubo de metal interior, proporcionando una cobertura completa del tubo interior y una uni\u00f3n superior entre el tubo y las aletas.<\/li>\n<li><a href=\"https:\/\/tex-fin.com\/esp\/finned-products\/air-cooled-finned-tubes\/extruded-finned-tubes\/\">Extruded finned tubes<\/a> are used in applications with high atmospheric corrosion and relatively high metal temperatures.<\/li>\n<li>Tambi\u00e9n son f\u00e1ciles de limpiar debido al aluminio que cubre el tubo interior.<\/li>\n<\/ul>\n\n\t\t<\/div>\n\t<\/div>\n<\/div><\/div><div class=\"vc_tta-panel\" id=\"1690335684509-58cb3921-b907\" data-vc-content=\".vc_tta-panel-body\"><div class=\"vc_tta-panel-heading\"><h4 class=\"vc_tta-panel-title vc_tta-controls-icon-position-left\"><a href=\"#1690335684509-58cb3921-b907\" data-vc-accordion data-vc-container=\".vc_tta-container\"><span class=\"vc_tta-title-text\">Tubos Aletados Con Tensi\u00f3n De Borde<\/span><i class=\"vc_tta-controls-icon vc_tta-controls-icon-plus\"><\/i><\/a><\/h4><\/div><div class=\"vc_tta-panel-body\">\n\t<div class=\"wpb_text_column wpb_content_element\" >\n\t\t<div class=\"wpb_wrapper\">\n\t\t\t<ul>\n<li>Las aletas se enrollan al tubo utilizando tensi\u00f3n, proporcionando contacto entre las aletas y el tubo.<\/li>\n<li><a href=\"https:\/\/tex-fin.com\/esp\/finned-products\/air-cooled-finned-tubes\/edge-tension-wound-finned-tubes\/\">Edge tension wound tubes<\/a> are a low-cost solution for applications with low metal temperatures and low vibration.<\/li>\n<\/ul>\n\n\t\t<\/div>\n\t<\/div>\n<\/div><\/div><\/div><\/div><\/div><\/div><div class=\"vc_empty_space\"   style=\"height: 15px\"><span class=\"vc_empty_space_inner\"><\/span><\/div><div class=\"vc_separator wpb_content_element vc_separator_align_center vc_sep_width_100 vc_sep_pos_align_center vc_separator_no_text vc_sep_color_grey\" ><span class=\"vc_sep_holder vc_sep_holder_l\"><span  class=\"vc_sep_line\"><\/span><\/span><span class=\"vc_sep_holder vc_sep_holder_r\"><span  class=\"vc_sep_line\"><\/span><\/span>\n<\/div><div class=\"vc_empty_space\"   style=\"height: 10px\"><span class=\"vc_empty_space_inner\"><\/span><\/div>\n\t<div  class=\"wpb_single_image wpb_content_element vc_align_left\">\n\t\t\n\t\t<figure class=\"wpb_wrapper vc_figure\">\n\t\t\t<div class=\"vc_single_image-wrapper   vc_box_border_grey\"><img decoding=\"async\" class=\"vc_single_image-img lazyload\" data-src=\"https:\/\/tex-fin.com\/wp-content\/uploads\/2022\/09\/High-Frequency-13-800x250.jpg\" width=\"800\" height=\"250\" alt=\"Tex-Fin | Finned Tubes\" title=\"Tex-Fin | Finned Tubes\" src=\"data:image\/svg+xml;base64,PHN2ZyB3aWR0aD0iMSIgaGVpZ2h0PSIxIiB4bWxucz0iaHR0cDovL3d3dy53My5vcmcvMjAwMC9zdmciPjwvc3ZnPg==\" style=\"--smush-placeholder-width: 800px; --smush-placeholder-aspect-ratio: 800\/250;\" \/><\/div>\n\t\t<\/figure>\n\t<\/div>\n\n\t<div class=\"wpb_text_column wpb_content_element\" >\n\t\t<div class=\"wpb_wrapper\">\n\t\t\t<h3><a href=\"https:\/\/tex-fin.com\/esp\/welded-finned-pipes-tubes\/\">Tubos\/Tuber\u00edas con Aletas Soldadas<\/a><\/h3>\n\n\t\t<\/div>\n\t<\/div>\n<div class=\"vc_empty_space\"   style=\"height: 10px\"><span class=\"vc_empty_space_inner\"><\/span><\/div><div class=\"vc_separator wpb_content_element vc_separator_align_center vc_sep_width_100 vc_sep_pos_align_center vc_separator_no_text vc_sep_color_grey\" ><span class=\"vc_sep_holder vc_sep_holder_l\"><span  class=\"vc_sep_line\"><\/span><\/span><span class=\"vc_sep_holder vc_sep_holder_r\"><span  class=\"vc_sep_line\"><\/span><\/span>\n<\/div><div class=\"vc_empty_space\"   style=\"height: 15px\"><span class=\"vc_empty_space_inner\"><\/span><\/div><div class=\"vc_tta-container\" data-vc-action=\"collapse\"><div class=\"vc_general vc_tta vc_tta-accordion vc_tta-color-grey vc_tta-style-classic vc_tta-shape-rounded vc_tta-o-shape-group vc_tta-controls-align-left\"><div class=\"vc_tta-panels-container\"><div class=\"vc_tta-panels\"><div class=\"vc_tta-panel vc_active\" id=\"1690336501125-5d55c4ce-a4ab\" data-vc-content=\".vc_tta-panel-body\"><div class=\"vc_tta-panel-heading\"><h4 class=\"vc_tta-panel-title vc_tta-controls-icon-position-left\"><a href=\"#1690336501125-5d55c4ce-a4ab\" data-vc-accordion data-vc-container=\".vc_tta-container\"><span class=\"vc_tta-title-text\">Tuber\u00eda Aletada con Aletas S\u00f3lidas con Soldadura de Alta Frecuencia<\/span><i class=\"vc_tta-controls-icon vc_tta-controls-icon-plus\"><\/i><\/a><\/h4><\/div><div class=\"vc_tta-panel-body\">\n\t<div class=\"wpb_text_column wpb_content_element\" >\n\t\t<div class=\"wpb_wrapper\">\n\t\t\t<p><a href=\"https:\/\/tex-fin.com\/esp\/high-frequency-helical-non-serrated-solid-finned-pipes\/\">Tuber\u00edas aletada con aletas solidas soldadas,<\/a> son principalmente usadas en euipos recuperadores de calor asociados con calderas, equipos de generaci\u00f3n de energ\u00eda el\u00e9ctrica y hornos para procesos de refinaci\u00f3n.<\/p>\n\n\t\t<\/div>\n\t<\/div>\n<\/div><\/div><div class=\"vc_tta-panel\" id=\"1690336501161-65e54b77-973f\" data-vc-content=\".vc_tta-panel-body\"><div class=\"vc_tta-panel-heading\"><h4 class=\"vc_tta-panel-title vc_tta-controls-icon-position-left\"><a href=\"#1690336501161-65e54b77-973f\" data-vc-accordion data-vc-container=\".vc_tta-container\"><span class=\"vc_tta-title-text\">Tuber\u00eda Aletada con Aletas Serrateadas o Dentadas con Soldadura de Alta Frecuencia<\/span><i class=\"vc_tta-controls-icon vc_tta-controls-icon-plus\"><\/i><\/a><\/h4><\/div><div class=\"vc_tta-panel-body\">\n\t<div class=\"wpb_text_column wpb_content_element\" >\n\t\t<div class=\"wpb_wrapper\">\n\t\t\t<p><a href=\"https:\/\/tex-fin.com\/esp\/high-frequency-helical-serrated-finned-pipes\/\">Tuber\u00edas Aletada con Aletas Serrateadas o Dentadas soldadas,<\/a> son usadas en equipos recuperadores de calor asociados con economizadores y enfriadores de procesos de liquidos calentados en aplicaciones especiales.<\/p>\n<p>Las aplicaciones comunes incluyen operaciones de recuperaci\u00f3n asociadas con calderas, turbinas de gas utilizadas en generaci\u00f3n de energ\u00eda y hornos utilizados en el procesamiento y refinaci\u00f3n petroqu\u00edmica.<\/p>\n\n\t\t<\/div>\n\t<\/div>\n<\/div><\/div><div class=\"vc_tta-panel\" id=\"1690336618963-36600f91-29d9\" data-vc-content=\".vc_tta-panel-body\"><div class=\"vc_tta-panel-heading\"><h4 class=\"vc_tta-panel-title vc_tta-controls-icon-position-left\"><a href=\"#1690336618963-36600f91-29d9\" data-vc-accordion data-vc-container=\".vc_tta-container\"><span class=\"vc_tta-title-text\">Tubos Aletados Longitudinales<\/span><i class=\"vc_tta-controls-icon vc_tta-controls-icon-plus\"><\/i><\/a><\/h4><\/div><div class=\"vc_tta-panel-body\">\n\t<div class=\"wpb_text_column wpb_content_element\" >\n\t\t<div class=\"wpb_wrapper\">\n\t\t\t<p><a href=\"https:\/\/tex-fin.com\/esp\/longitudinal-finned-pipes\/\">La tuber\u00edas aletada longitudinal<\/a> es usada en aplicaciones de transferencia de calor en planta de generaci\u00f3n de energ\u00eda, recuperadores, petroqu\u00edmica, e industrias de procesos para Gas &amp; Petr\u00f3leo.<\/p>\n\n\t\t<\/div>\n\t<\/div>\n<\/div><\/div><\/div><\/div><\/div><\/div><div class=\"vc_empty_space\"   style=\"height: 15px\"><span class=\"vc_empty_space_inner\"><\/span><\/div><div class=\"vc_separator wpb_content_element vc_separator_align_center vc_sep_width_100 vc_sep_pos_align_center vc_separator_no_text vc_sep_color_grey\" ><span class=\"vc_sep_holder vc_sep_holder_l\"><span  class=\"vc_sep_line\"><\/span><\/span><span class=\"vc_sep_holder vc_sep_holder_r\"><span  class=\"vc_sep_line\"><\/span><\/span>\n<\/div><div class=\"vc_empty_space\"   style=\"height: 10px\"><span class=\"vc_empty_space_inner\"><\/span><\/div>\n\t<div  class=\"wpb_single_image wpb_content_element vc_align_left\">\n\t\t\n\t\t<figure class=\"wpb_wrapper vc_figure\">\n\t\t\t<div class=\"vc_single_image-wrapper   vc_box_border_grey\"><img decoding=\"async\" class=\"vc_single_image-img lazyload\" data-src=\"https:\/\/tex-fin.com\/wp-content\/uploads\/2023\/06\/Tex-Fin-Website-Photos-June-2023-54-scaled-800x250.jpg\" width=\"800\" height=\"250\" alt=\"Tex Fin Website Photos June 2023-54\" title=\"Tex Fin Website Photos June 2023-54\" src=\"data:image\/svg+xml;base64,PHN2ZyB3aWR0aD0iMSIgaGVpZ2h0PSIxIiB4bWxucz0iaHR0cDovL3d3dy53My5vcmcvMjAwMC9zdmciPjwvc3ZnPg==\" style=\"--smush-placeholder-width: 800px; --smush-placeholder-aspect-ratio: 800\/250;\" \/><\/div>\n\t\t<\/figure>\n\t<\/div>\n\n\t<div class=\"wpb_text_column wpb_content_element\" >\n\t\t<div class=\"wpb_wrapper\">\n\t\t\t<h3 class=\"title\"><a href=\"https:\/\/tex-fin.com\/esp\/finned-products\/sustainable-design\/\">Tubos Aletados Longitudinales Soldados<\/a><\/h3>\n\n\t\t<\/div>\n\t<\/div>\n<div class=\"vc_empty_space\"   style=\"height: 10px\"><span class=\"vc_empty_space_inner\"><\/span><\/div><div class=\"vc_separator wpb_content_element vc_separator_align_center vc_sep_width_100 vc_sep_pos_align_center vc_separator_no_text vc_sep_color_grey\" ><span class=\"vc_sep_holder vc_sep_holder_l\"><span  class=\"vc_sep_line\"><\/span><\/span><span class=\"vc_sep_holder vc_sep_holder_r\"><span  class=\"vc_sep_line\"><\/span><\/span>\n<\/div><div class=\"vc_empty_space\"   style=\"height: 10px\"><span class=\"vc_empty_space_inner\"><\/span><\/div>\n\t<div class=\"wpb_text_column wpb_content_element\" >\n\t\t<div class=\"wpb_wrapper\">\n\t\t\t<p><span class=\"TextRun SCXW40566595 BCX4\" lang=\"EN-US\" xml:lang=\"EN-US\" data-contrast=\"auto\"><span class=\"NormalTextRun SCXW40566595 BCX4\">Nos <\/span><span class=\"NormalTextRun SCXW40566595 BCX4\">especializamos<\/span><span class=\"NormalTextRun SCXW40566595 BCX4\">la<\/span><span class=\"NormalTextRun SCXW40566595 BCX4\"> en <\/span><span class=\"NormalTextRun SCXW40566595 BCX4\">procesos de manufactura para minimizar los tiempos de parada y reparaci\u00f3n de los equipos de nuestros clientes. <\/span><span class=\"NormalTextRun SCXW40566595 BCX4\">Ejecutamos proyectos especiales <\/span><span class=\"NormalTextRun SCXW40566595 BCX4\">con excelentes<\/span><span class=\"NormalTextRun SCXW40566595 BCX4\">tiempos <\/span><span class=\"NormalTextRun SCXW40566595 BCX4\">de respuesta y entrega oportuna <\/span><span class=\"NormalTextRun SCXW40566595 BCX4\">entrega inmediata para minimizar el tiempo de inactividad de sus equipos<\/span><span class=\"NormalTextRun SCXW40566595 BCX4\">.\u00a0\u00a0<\/span><\/span><span class=\"EOP SCXW40566595 BCX4\" data-ccp-props=\"{}\">\u00a0<\/span><\/p>\n\n\t\t<\/div>\n\t<\/div>\n<\/div><\/div><\/div><\/div><div class=\"vc_row wpb_row vc_row-fluid\"><div class=\"wpb_column vc_column_container vc_col-sm-12\"><div class=\"vc_column-inner\"><div class=\"wpb_wrapper\"><div class=\"vc_empty_space\"   style=\"height: 20px\"><span class=\"vc_empty_space_inner\"><\/span><\/div><div class=\"vc_separator wpb_content_element vc_separator_align_center vc_sep_width_100 vc_sep_pos_align_center vc_separator_no_text vc_sep_color_grey\" ><span class=\"vc_sep_holder vc_sep_holder_l\"><span  class=\"vc_sep_line\"><\/span><\/span><span class=\"vc_sep_holder vc_sep_holder_r\"><span  class=\"vc_sep_line\"><\/span><\/span>\n<\/div>\n\t<div class=\"wpb_text_column wpb_content_element  vc_custom_1696620365338\" >\n\t\t<div class=\"wpb_wrapper\">\n\t\t\t<h4 class=\"scheme\" style=\"text-align: center;\"><span class=\"TextRun SCXW170784695 BCX8\" lang=\"EN-US\" xml:lang=\"EN-US\" data-contrast=\"none\"><span class=\"NormalTextRun SCXW170784695 BCX8\">Trabajamos arduamente <\/span><span class=\"NormalTextRun SCXW170784695 BCX8\">para ofrecer<\/span><span class=\"NormalTextRun SCXW170784695 BCX8\"> productos y servicios de la m\u00e1s alta calidad<\/span><\/span><span class=\"LineBreakBlob BlobObject DragDrop SCXW170784695 BCX8\"><span class=\"SCXW170784695 BCX8\">\u00a0<\/span><br class=\"SCXW170784695 BCX8\" \/><\/span><span class=\"TextRun SCXW170784695 BCX8\" lang=\"EN-US\" xml:lang=\"EN-US\" data-contrast=\"none\"><span class=\"NormalTextRun SCXW170784695 BCX8\">para nuestros clientes.<\/span><\/span><span class=\"EOP SCXW170784695 BCX8\" data-ccp-props=\"{&quot;335551550&quot;:2,&quot;335551620&quot;:2,&quot;335559738&quot;:450}\">\u00a0<\/span><\/h4>\n\n\t\t<\/div>\n\t<\/div>\n<div class=\"vc_empty_space\"   style=\"height: 20px\"><span class=\"vc_empty_space_inner\"><\/span><\/div>\n\t<div class=\"wpb_text_column wpb_content_element\" >\n\t\t<div class=\"wpb_wrapper\">\n\t\t\t<h4>\u00bfPor qu\u00e9 elegirnos?<\/h4>\n<p><span data-contrast=\"none\">Tex-Fin se compromete a brindar un servicio superior a nuestros clientes. Nuestro personal trabajar\u00e1 con usted a lo largo del proceso de dise\u00f1o y fabricaci\u00f3n para garantizar que nuestros productos cumplan con sus especificaciones y plazos de entrega. Nuestros gerentes de proyecto est\u00e1n siempre disponibles para ayudarlo y reaccionar\u00e1n r\u00e1pidamente para asistir en caso de cualquier emergencia.\u00a0<\/span><span data-ccp-props=\"{&quot;335559739&quot;:400}\">\u00a0<\/span><\/p>\n<p><a href=\"https:\/\/tex-fin.com\/esp\/contact-us\/\"><span data-contrast=\"none\">Cont\u00e1ctenos<\/span><\/a><span data-contrast=\"none\"> para discutir lo que podemos hacer para ayudarlo.<\/span><span data-ccp-props=\"{&quot;335559739&quot;:400}\">\u00a0<\/span><\/p>\n\n\t\t<\/div>\n\t<\/div>\n<div class=\"vc_empty_space\"   style=\"height: 20px\"><span class=\"vc_empty_space_inner\"><\/span><\/div><\/div><\/div><\/div><\/div>","protected":false},"excerpt":{"rendered":"Finned Products Tex Fin's OEM tubes are manufactured to meet the exact product specifications for your production runs. Our high quality ensures a long product life and low maintenance for the equipment. Our flexible scheduling reduces equipment and production downtime, whether the component is for an emergency repair, scheduled downtime, or production run. Air Cooled [...]","protected":false},"author":1,"featured_media":1787,"parent":0,"menu_order":0,"comment_status":"closed","ping_status":"closed","template":"","meta":{"_coblocks_attr":"","_coblocks_dimensions":"","_coblocks_responsive_height":"","_coblocks_accordion_ie_support":"","om_disable_all_campaigns":false,"_monsterinsights_skip_tracking":false,"_monsterinsights_sitenote_active":false,"_monsterinsights_sitenote_note":"","_monsterinsights_sitenote_category":0,"_uf_show_specific_survey":0,"_uf_disable_surveys":false,"footnotes":""},"folder":[67],"class_list":["post-1129","page","type-page","status-publish","has-post-thumbnail","hentry"],"aioseo_notices":[],"_links":{"self":[{"href":"https:\/\/tex-fin.com\/esp\/wp-json\/wp\/v2\/pages\/1129","targetHints":{"allow":["GET"]}}],"collection":[{"href":"https:\/\/tex-fin.com\/esp\/wp-json\/wp\/v2\/pages"}],"about":[{"href":"https:\/\/tex-fin.com\/esp\/wp-json\/wp\/v2\/types\/page"}],"author":[{"embeddable":true,"href":"https:\/\/tex-fin.com\/esp\/wp-json\/wp\/v2\/users\/1"}],"replies":[{"embeddable":true,"href":"https:\/\/tex-fin.com\/esp\/wp-json\/wp\/v2\/comments?post=1129"}],"version-history":[{"count":78,"href":"https:\/\/tex-fin.com\/esp\/wp-json\/wp\/v2\/pages\/1129\/revisions"}],"predecessor-version":[{"id":1970,"href":"https:\/\/tex-fin.com\/esp\/wp-json\/wp\/v2\/pages\/1129\/revisions\/1970"}],"wp:featuredmedia":[{"embeddable":true,"href":"https:\/\/tex-fin.com\/esp\/wp-json\/wp\/v2\/media\/1787"}],"wp:attachment":[{"href":"https:\/\/tex-fin.com\/esp\/wp-json\/wp\/v2\/media?parent=1129"}],"wp:term":[{"taxonomy":"folder","embeddable":true,"href":"https:\/\/tex-fin.com\/esp\/wp-json\/wp\/v2\/folder?post=1129"}],"curies":[{"name":"wp","href":"https:\/\/api.w.org\/{rel}","templated":true}]}}